ue
Is 85 a multiple of 18?
False
Is 48510 a multiple of 315?
True
Is 5250 a multiple of 15?
True
Is 18 a factor of 28458?
True
Does 9 divide 23895?
True
Is 233 a multiple of 20?
False
Is 125 a factor of 9750?
True
Is 4321 a multiple of 145?
False
Is 116 a factor of 1060?
False
Does 6 divide 390?
True
Is 56 a factor of 10696?
True
Does 17 divide 897?
False
Does 13 divide 595?
False
Does 8 divide 4160?
True
Is 5 a factor of 3414?
False
Is 19 a factor of 817?
True
Does 7 divide 4480?
True
Does 8 divide 15912?
True
Does 4 divide 191?
False
Is 13 a factor of 701?
False
Is 8 a factor of 91792?
True
Is 1088 a multiple of 17?
True
Is 174 a factor of 1759?
False
Is 26928 a multiple of 68?
True
Does 2 divide 101?
False
Is 5877 a multiple of 3?
True
Is 39 a factor of 3237?
True
Is 15 a factor of 550?
False
Is 1021 a multiple of 99?
False
Does 144 divide 17568?
True
Is 21 a factor of 74?
False
Does 6 divide 15008?
False
Is 18 a factor of 1374?
False
Does 65 divide 26871?
False
Is 56 a factor of 5918?
False
Is 10 a factor of 2930?
True
Is 22 a factor of 3960?
True
Is 22 a factor of 197?
False
Does 30 divide 38207?
False
Is 65 a factor of 3835?
True
Does 41 divide 9348?
True
Does 361 divide 113029?
False
Is 74 a multiple of 2?
True
Is 21681 a multiple of 76?
False
Is 134 a factor of 4999?
False
Is 5832 a multiple of 8?
True
Is 48 a factor of 20304?
True
Is 192 a multiple of 12?
True
Is 295 a multiple of 10?
False
Is 14 a factor of 702?
False
Is 9 a factor of 848?
False
Is 6 a factor of 457?
False
Does 14 divide 700?
True
Does 12 divide 1675?
False
Is 22 a factor of 75420?
False
Is 33 a factor of 98?
False
Does 37 divide 124645?
False
Is 21 a factor of 4053?
True
Is 63 a factor of 882?
True
Is 1513 a multiple of 51?
False
Is 154 a multiple of 22?
True
Does 24 divide 11616?
True
Is 22 a factor of 5992?
False
Is 18 a factor of 90?
True
Is 1488 a multiple of 93?
True
Is 6 a factor of 33573?
False
Is 74 a factor of 86876?
True
Does 6 divide 10997?
False
Is 14 a factor of 3626?
True
Does 7 divide 2254?
True
Does 7 divide 1456?
True
Is 90 a multiple of 90?
True
Is 214 a factor of 7775?
False
Does 4 divide 4473?
False
Is 23 a factor of 55545?
True
Is 19416 a multiple of 8?
True
Does 91 divide 1820?
True
Does 2 divide 585?
False
Is 1773 a multiple of 9?
True
Is 9 a factor of 567?
True
Is 109 a factor of 10172?
False
Is 18 a multiple of 9?
True
Is 169 a multiple of 18?
False
Is 15911 a multiple of 126?
False
Is 64 a multiple of 16?
True
Does 12 divide 2731?
False
Is 120 a factor of 17410?
False
Is 5681 a multiple of 13?
True
Is 10625 a multiple of 36?
False
Is 74 a factor of 2942?
False
Is 18 a factor of 15653?
False
Does 42 divide 269?
False
Is 22 a factor of 15309?
False
Is 10 a factor of 162?
False
Is 89 a factor of 890?
True
Does 42 divide 829?
False
Does 26 divide 1566?
False
Does 27 divide 3051?
True
Is 8 a factor of 75?
False
Does 9 divide 15713?
False
Is 320 a multiple of 80?
True
Does 3 divide 1260?
True
Is 145 a multiple of 2?
False
Does 101 divide 16463?
True
Is 287 a multiple of 13?
False
Does 27 divide 5507?
False
Is 14 a factor of 10598?
True
Is 98863 a multiple of 11?
False
Does 220 divide 20191?
False
Is 29865 a multiple of 11?
True
Is 128 a multiple of 16?
True
Is 12 a factor of 1944?
True
Is 56 a factor of 8232?
True
Is 4158 a multiple of 34?
False
Is 12110 a multiple of 100?
False
Is 3312 a multiple of 23?
True
Is 12960 a multiple of 32?
True
Is 3 a factor of 316?
False
Does 13 divide 1561?
False
Does 150 divide 300?
True
Does 4 divide 292?
True
Is 6 a factor of 9867?
False
Is 4486 a multiple of 9?
False
Is 58 a multiple of 3?
False
Does 26 divide 2028?
True
Is 60 a factor of 83053?
False
Does 14 divide 2870?
True
Is 804 a multiple of 12?
True
Is 16530 a multiple of 15?
True
Is 6402 a multiple of 33?
True
Does 28 divide 7504?
True
Is 264 a multiple of 44?
True
Is 27901 a multiple of 9?
False
Is 388 a multiple of 3?
False
Is 8765 a multiple of 133?
False
Is 12 a factor of 636?
True
Is 13 a factor of 2210?
True
Is 48 a factor of 6336?
True
Is 9 a factor of 30285?
True
Is 133 a factor of 11946?
False
Is 63 a multiple of 7?
True
Does 70 divide 1975?
False
Does 28 divide 1064?
True
Is 5133 a multiple of 20?
False
Does 15 divide 18450?
True
Does 38 divide 59470?
True
Does 84 divide 8323?
False
Is 271 a multiple of 33?
False
Does 10 divide 440?
True
Does 24 divide 10296?
True
Is 25600 a multiple of 27?
False
Does 16 divide 704?
True
Is 7 a factor of 456?
False
Does 12 divide 1534?
False
Is 4 a factor of 1273?
False
Is 9078 a multiple of 51?
True
Is 1253 a multiple of 7?
True
Does 81 divide 354?
False
Is 4 a factor of 35249?
False
Is 85 a factor of 20995?
True
Does 18 divide 58578?
False
Is 2760 a multiple of 80?
False
Is 2548 a multiple of 34?
False
Does 8 divide 9084?
False
Is 3185 a multiple of 41?
False
Does 84 divide 599?
False
Is 96 a factor of 28512?
True
Is 420 even?
True
Does 73 divide 2100?
False
Is 5 a factor of 18835?
True
Does 42 divide 924?
True
Is 2 a factor of 648?
True
Is 31 a factor of 11191?
True
Is 4726 a multiple of 2?
True
Is 3 a factor of 5655?
True
Is 3 a factor of 900?
True
Does 17 divide 1998?
False
Is 4560 a multiple of 41?
False
Does 60 divide 1380?
True
Is 215 a multiple of 3?
False
Is 63 a factor of 16628?
False
Is 16382 a multiple of 16?
False
Is 6637 a multiple of 37?
False
Is 30914 a multiple of 82?
True
Is 2636 a multiple of 6?
False
Does 49 divide 122?
False
Does 43 divide 1161?
True
Is 8466 a multiple of 166?
True
Is 6 a factor of 21960?
True
Does 15 divide 675?
True
Is 984 a multiple of 8?
True
Is 220 a multiple of 22?
True
Is 3551 a multiple of 43?
False
Does 210 divide 28980?
True
Is 12 a factor of 1404?
True
Is 5864 a multiple of 104?
False
Does 16 divide 2392?
False
Does 32 divide 129?
False
Is 74 a factor of 21745?
False
Is 20 a factor of 5710?
False
Is 23 a factor of 39865?
False
Is 52 a multiple of 8?
False
Is 52 a factor of 8597?
False
Is 4480 a multiple of 32?
True
Is 18000 a multiple of 15?
True
Is 92 a factor of 1564?
True
Is 14 a factor of 3570?
True
Does 9 divide 3438?
True
Is 7 a factor of 13916?
True
Is 51 a factor of 34923?
False
Is 770 a multiple of 19?
False
Is 20 a factor of 3149?
False
Is 12758 a multiple of 70?
False
Is 5 a factor of 4171?
False
Is 16740 a multiple of 155?
True
Is 9 a factor of 1116?
True
Is 76 a multiple of 4?
True
Does 20 divide 720?
True
Is 12 a factor of 26315?
False
Is 1092 a multiple of 28?
True
Does 22 divide 2676?
False
Is 2944 a multiple of 26?
False
Is 50170 a multiple of 13?
False
Is 4 a factor of 6?
False
Is 19 a factor of 4804?
False
Is 64 a factor of 1159?
False
Does 34 divide 128243?
False
Is 4 a factor of 6164?
True
Is 27 a factor of 22275?
True
Is 25 a factor of 2952?
False
Is 449 a multiple of 17?
False
Does 137 divide 32332?
True
Does 145 divide 20445?
True
Is 64 a factor of 4544?
True
Is 74 a factor of 888?
True
Is 20971 a multiple of 146?
False
Is 81549 a multiple of 39?
True
Is 10 a factor of 200?
True
Is 128 a factor of 18432?
True
Does 6 divide 936?
True
Is 710 a multiple of 2?
True
Is 7128 a multiple of 132?
True
Is 171 a factor of 39501?
True
Is 726 a multiple of 10?
False
Does 105 divide 2918?
False
Is 620 a multiple of 13?
False
Does 25 divide 1100?
True
Does 24 divide 26160?
True
Is 11015 a multiple of 125?
False
Is 196 a factor of 133330?
False
Is 7 a factor of 261?
False
Does 3 divide 10?
False
Is 9 a factor of 181?
False
Is 14 a factor of 5670?
True
Is 19320 a multiple of 15?
True
Is 41 a factor of 13110?
False
Is 58 a factor of 8754?
False
Is 34496 a multiple of 22?
True
Is 19506 a multiple of 6?
True
Is 4611 a multiple of 8?
False
Does 178 divide 19046?
True
Is 3 a factor of 799?
False
Is 26945 a multiple of 85?
True
Is 36024 a multiple of 28?
False
Is 60 a factor of 1560?
True
Does 57 divide 32270?
False
Is 136 a factor of 21280?
False
Is 59 a factor of 826?
True
Does 13 divide 18316?
False
Does 28 divide 27020?
True
Is 32508 a multiple of 84?
True
Is 18 a factor of 8077?
False
Does 8 divide 24?
True
Is 413 a multiple of 6?
False
Is 81 a factor of 106?
False
Is 5 a factor of 145?
True
Is 5224 a multiple of 15?
False
Is 6135 a multiple of 28?
False
Is 72 a factor of 876?
False
Is 74126 a multiple of 13?
True
Does 24 divide 188?
False
Is 9 a fac